e of 3*y**5/20 + 11*y**4/24 - y**3 + 88*y**2. What are the prime factors of x(4)?
2, 7, 13
Let f = 32 - 60. Let v = 30 + f. Suppose 0 = -4*l - 3*g + 188, 72 + 163 = 5*l - v*g. What are the prime factors of l?
47
Let i = 2980 + -1317. List the prime factors of 48/112 + i/7.
2, 7, 17
Suppose 10890 + 11822 = 34*t. Let r = t + -621. What are the prime factors of r?
47
Let s(o) = o**3 + 2*o**2 - 4*o. Let q be s(2). Suppose -17 = q*a - 1. What are the prime factors of ((-9)/(27/750))/a?
5
What are the prime factors of 40971/12*80/35?
2, 1951
Let k(r) = 41*r + 6. Let h be ((-12)/(-10))/(12/30). Let v be h - 5 - (0 - 5). List the prime factors of k(v).
3, 43
Let z be ((0/(-4))/4 + 3)*15. Suppose 11*o - 16*o + z = 0. What are the prime factors of 186/o - 1*4/(-3)?
2, 11
List the prime factors of 3 + (-11221)/(-21)*3.
2, 11, 73
Suppose 1406999 = 42*j - 5*j. What are the prime factors of j?
11, 3457
Let l be (-20)/6*-3 + -5. Let a(m) = 9*m**2 + 3*m + 6. Let z be a(-4). Suppose 0 = -2*w - 4*v + z, -w + l*v + 29 = -26. What are the prime factors of w?
5, 13
Let z(f) = -52*f + 1 + 58*f - 25*f. Let d be z(-3). Let h = d - -19. List the prime factors of h.
7, 11
Let x = -89 - -89. Suppose x = -2*s - 0*b + b + 2613, -2*s + 5*b = -2593. Suppose -10*j + s - 359 = 0. What are the prime factors of j?
5, 19
Suppose 4*s + 95 = 23*s. List the prime factors of (s*(-6)/(-8))/(72/5376).
2, 5, 7
Suppose 8*l + 403 - 107 = 0. Let y = l - 12. Let a = -33 - y. List the prime factors of a.
2
Let s be (6/(-4))/(51/(-1258)). Suppose 16*l = -s*l + 46905. List the prime factors of l.
3, 5, 59
List the prime factors of 6261 + (13 - 30/10).
6271
Let n(b) = -12*b - 146. Suppose -3*g + g = -5*o - 137, 0 = -o - 2*g - 25. What are the prime factors of n(o)?
2, 89
Let f be (-7*18/63)/((-3)/(-6)). What are the prime factors of f - (4/5 - (-94699)/(-55))?
17, 101
Let q(o) = -o**3 + 12*o**2 + 7*o + 7. Let n be q(13). Let k = n + 83. Suppose -k*w + 11*w + 129 = 0. What are the prime factors of w?
3, 43
Suppose -i = j - 7, 0 = 4*i - 4*j - 0*j - 68. Let d = i - 113. Let f = -78 - d. What are the prime factors of f?
23
Let b = 8405 + 5096. List the prime factors of b.
23, 587
Let t(x) = -x**3 + 78*x**2 - 68*x + 55. What are the prime factors of t(63)?
2, 27653
Suppose d + 3*s = -s - 21, 3*d + 4*s = -31. Let z = -3 - d. Suppose -z*j = 5*j - 1393. List the prime factors of j.
199
Suppose l = 2*u - 57, 7*l - 180 = -5*u + 2*l. Let k = 59 - u. Let d = k + -15. What are the prime factors of d?
13
Suppose 50*u - 25*u - 29*u = -53916. List the prime factors of u.
3, 4493
Suppose -2*w + 5824 = -5*z, -16*z = -21*z + w - 5827. Let c = z - -1846. What are the prime factors of c?
2, 5, 17
Suppose -4*m - 35 = -l - 2*l, 2*l + 5*m + 15 = 0. Suppose -74 = -l*g - 19. Suppose -4*w - 504 = -g*w. What are the prime factors of w?
2, 3
Suppose 5*h - m = -6*m + 440, 176 = 2*h - 3*m. Suppose -16 = 6*k - 250. Let v = h - k. What are the prime factors of v?
7
Let h(s) = 0 + 416180*s**2 + s - 416170*s**2 - 2. Let r(d) = -d**3 + 4*d**2 - 4*d + 4. Let i be r(3). What are the prime factors of h(i)?
3
Let k = 3233 - -426. List the prime factors of k.
3659
Let v = -64387 + 94083. What are the prime factors of v?
2, 29
Let a = 10307 + -5427. List the prime factors of a.
2, 5, 61
Let r(f) = -f**2 + 15*f + 24. Let w be r(15). Suppose 19*p + 1495 = w*p. What are the prime factors of p?
13, 23
Let c(r) = 3*r**2 - 12*r + 34. Let l = -59 + 69. What are the prime factors of c(l)?
2, 107
Let z = 1009 - 107. List the prime factors of z.
2, 11, 41
Suppose -14961 = -6*r + 23967. What are the prime factors of r?
2, 811
Let a be 1 + ((0 - -31) + 3 - -5). Suppose 0 = -a*j + 38*j + 118. What are the prime factors of j?
59
Let v be ((-48180)/(-154))/(1/7). Let t = v - 1115. What are the prime factors of t?
5, 43
Suppose 0 = 31*i + 1318 - 288192. List the prime factors of i.
2, 7, 661
Suppose -l = 8*l - 27. Suppose -3*q + l*r = -3, 6*q - 5*r = 2*q + 1. What are the prime factors of (-4070)/(-35) - q/14?
2, 29
Suppose -225*v + 8929 + 44679 - 283 = 0. What are the prime factors of v?
3, 79
Let d(j) = -2*j**2 + j - 2. Let u be d(-5). Suppose 5*m + 59 = 10*f - 8*f, 3*m = 4*f - 111. Let t = f - u. What are the prime factors of t?
2, 3, 7
Let s(z) = 2*z**3 - 12*z**2 - z - 12. Let y(f) = -f**3 - 10*f**2 + 15*f + 53. Let q be y(-11). List the prime factors of s(q).
3, 5, 31
Let j(m) be the second derivative of m**4/12 - m**3/3 - 7*m**2 + 76*m - 1. What are the prime factors of j(-26)?
2, 3, 7, 17
Let k = 14 - 13. Suppose 0 = -10*b - 559 + 609. What are the prime factors of 202 - (0/b)/k?
2, 101
Suppose 45*g - 47*g + 2*f = -21854, 0 = 5*g - f - 54615. What are the prime factors of g?
2, 43, 127
Suppose 2*n = 9*p - 38901, -26*p + 25*p - 2*n + 4309 = 0. What are the prime factors of p?
29, 149
Let g(f) = -3*f**2 - 127*f + 160. List the prime factors of g(-33).
2, 271
Suppose 10381 = w + 2*h, 10*h - 4 = 9*h. Suppose -10*v = 13*v - w. What are the prime factors of v?
11, 41
Let i = -70 + 73. Suppose -3*m - 3 = -m - i*a, -a = 4*m - 1. What are the prime factors of (-644 - m)/(-2)*29/58?
7, 23
Let r = 121974 + -83909. What are the prime factors of r?
5, 23, 331
Suppose -148*b + 71*b + 52*b = -108250. List the prime factors of b.
2, 5, 433
Let u(f) = f**3 - 16*f**2 - 29*f - 120. Let r be u(19). Let p = -188 + r. What are the prime factors of p?
2, 7
Let r be (-53)/106 + (-2 - (-3393)/2). Let a = r - 1177. List the prime factors of a.
11, 47
Let j = -25046 + 59746. What are the prime factors of j?
2, 5, 347
Let r(n) = 252*n**2 - 4*n + 3. Suppose 3*p = 2*s - 8, s + 1 - 8 = 3*p. List the prime factors of r(s).
251
Let w(z) = -30*z + 3325. Let p be w(0). Let h = p - 2164. List the prime factors of h.
3, 43
Let r(y) = 131*y + 4. Let i be r(-2). Let n = 548 + i. Let a = -204 + n. List the prime factors of a.
2, 43
Let i(c) = -16*c + 156. Suppose -31*h = -23*h + 232. What are the prime factors of i(h)?
2, 5, 31
Suppose 141*a + 181335 = 144*a. Suppose 22*y = 57*y - a. What are the prime factors of y?
11, 157
Let a(w) = -3*w + 10. Let j(n) = n**2 - 23*n - 55. Let o be j(25). Let k be a(o). Suppose -5*s + k = 0, -4*u - s + 385 = -192. List the prime factors of u.
11, 13
Suppose -p + 0 = 3*b - 6, b + 4*p - 2 = 0. Suppose -2*r = 3*m - 2526, -b*r + 1869 = -3*m - 669. List the prime factors of r.
2, 3, 211
Suppose 70832 = -19*c + 391514. Suppose 13*x - 42*x = -c. What are the prime factors of x?
2, 3, 97
Suppose 365 = 4*b + 49. Suppose 0 = -14*f + 12*f + 5*u + 321, 5*f + 2*u = 730. Let g = f - b. List the prime factors of g.
3, 23
Suppose -119 = 3*n - 38. Let h be (-28)/1 + -25 + 33. Let f = h - n. List the prime factors of f.
7
Let s(z) = 1920*z**2 + 2*z + 4. Let j be s(1). Suppose 2*l - 134 = j. List the prime factors of l.
2, 5, 103
List the prime factors of 9252 - (-15 - -5 - -10).
2, 3, 257
List the prime factors of (8 + -4 + -7)*(-192420)/20.
3, 1069
Let n(a) = 122*a + 43. Let c be n(10). Suppose -x = 2*v - c, x + 3157 = 5*v + 4*x. What are the prime factors of v?
2, 79
Suppose -141*u - 40887 = -148*u. What are the prime factors of u?
3, 11, 59
Let y(k) = 40*k + 2. Let s be y(7). Let r be 0*(-12 - (-44)/4). Suppose 4*p + 2*p - s = r. What are the prime factors of p?
47
Suppose -5*t - 5*z + 2865 = 0, -2*t = -0*z - z - 1155. Let j = t - 365. Let r = -142 + j. List the prime factors of r.
3, 23
Let u(s) be the second derivative of 23*s + 3/2*s**2 + 4/3*s**3 + 0 + 1/12*s**4. List the prime factors of u(-17).
2, 3, 13
Suppose 0 = -3274*f + 3291*f - 47362. What are the prime factors of f?
2, 7, 199
Let z be 12/42 - (0 + (-46)/(-14)). Let t be 9/((-12)/4) + z. List the prime factors of 14*(-1)/(4 + t).
7
Let s be 5 - 2 - (-2)/3*6. Suppose 6*z = -s*z + 26. Suppose -2*h + z*m = -5*h + 539, 5*h + 3*m - 897 = 0. List the prime factors of h.
3, 59
Let f be (-2 - 744/(-30))/((-4)/30). Let v = 240 + f. What are the prime factors of v?
3, 23
Let d = 16035 - 744. List the prime factors of d.
3, 1699
Let q(a) = -48*a + 118. List the prime factors of q(1).
2, 5, 7
Suppose 0 = 2*k + 46 - 382. Let u = k + -46. What are the prime factors of u?
2, 61
Let i(m) = m**3 + 6*m**2 + 4*m - 3. Let b be i(-5). Let f(p) = 2*p**2 - 4*p + 2 + 37*p**b + 19*p**2. List the prime factors of f(1).
2,